. Let b be t(-4). Let h be (-2 - 6) + (7 + 33)/8. Is (h/3)/(b/(-222)) a prime number?
True
Let n(p) = 64*p**2 - 795*p + 65. Is n(36) a prime number?
False
Let w(u) = -2*u**2 - 18*u + 20. Let c be w(-10). Suppose -3*o + 4*p + 11223 = c, o = -p + 754 + 2980. Is o composite?
True
Suppose 509508 = 4*d - v, 5*d - 42*v - 636886 = -41*v. Is d composite?
True
Let x = -154 + 157. Suppose x*b + f - 1691 = 0, -2*b + 1132 = -0*b + 3*f. Is b composite?
False
Suppose -6873742 = -21*c + 23892287. Is c prime?
True
Let k(i) = -2*i**3 - 56*i**2 - 53*i + 12. Is k(-49) composite?
False
Let k(d) = d**2 + 3*d - 177. Let v be k(-15). Is (-2)/v + (-258692)/(-84) prime?
True
Suppose 47*p - 159 = -6*p. Suppose 0 = -3*l - p*u + 10929, 5*u = 2*l - 0*l - 7286. Is l prime?
True
Let t(k) = -4091*k + 259. Let g = -627 + 619. Is t(g) composite?
False
Let r = 98 + -92. Suppose -6 = t - r. Suppose 6 = -3*q, -4*b - 3*q = -t*b - 1166. Is b a prime number?
True
Let y = -92 - -104. Is (7522/(-8))/((-3)/y) prime?
True
Suppose -2*b = -2*s - 33332, -8*b - 3*s = -5*b - 50016. Is b composite?
True
Let a be 6/(-4)*(-8 + 12/(-6)). Suppose -11*h + a*h - 20 = 0. Suppose 5*k = -3*n + 21967, -h*k + k + 17548 = -4*n. Is k a prime number?
True
Let t = 58160 + 23349. Is t prime?
True
Let c(m) = m + 4*m + 7 + 140*m**2 - 5. Is c(-3) a composite number?
True
Suppose -940*f + 929*f + 1246069 = 0. Is f composite?
False
Suppose k = 4*k + 8*v - 71347, 5*k - 3*v = 119026. Is k composite?
False
Let u(a) = 9112*a - 3. Let q(v) = 18225*v - 7. Let g(p) = -3*q(p) + 5*u(p). Is g(-1) a prime number?
False
Let k = 562650 + 21343. Is k a composite number?
True
Suppose -14 = -7*x + 14*x. Let p(f) = -8*f**2 + 8*f**2 - 61*f**3 - 38*f**3 - 1. Is p(x) composite?
True
Suppose 0 = -3*t - 5*z + 51573, 4*z + 13175 = 3*t - 38371. Let i = 33172 - t. Is i prime?
False
Suppose -20*s + 39022978 = 50*s + 87*s. Is s composite?
True
Let s be 2/(((-9)/(-6))/(18/24)). Is (-2)/s + (486 - 3) - 2 composite?
False
Suppose 9*l - 3*l - 204 = 0. Suppose -2*r - 14 = -3*h, 0 = 5*h - 4*r + 8 - l. Suppose 421 = h*a - 53. Is a a prime number?
False
Suppose 192850 = 134*m - 680964. Is m composite?
False
Let a = 5376 - 4499. Is a a prime number?
True
Suppose 2*r = -5*p - 0 - 6, 5*r - 8 = -p. Suppose 346 = r*h + 32. Is h a prime number?
True
Let v(x) be the third derivative of -2*x**4/3 + 13*x**3/6 + 2*x**2. Let s = 96 + -119. Is v(s) a prime number?
False
Suppose 2130628 = 72*o - 334004. Is o composite?
False
Suppose -27644 = -4*w - b, -2*b + 1129 = 4*w - 26511. Suppose w = -2*z - 2*z. Let k = -329 - z. Is k a composite number?
False
Let y be 4*1*(45/4)/5. Let q(d) be the first derivative of 31*d**2/2 - 22*d + 2. Is q(y) a composite number?
False
Let y be (-20)/6*108/(-30). Let a = -10 + y. Suppose n + 4*r + 51 - 657 = 0, 2*r = a*n - 1232. Is n a prime number?
False
Let h = 66557 - 20626. Is h composite?
True
Suppose -3*z - 14 = 4*y, 2*z + 0 = -2*y - 12. Let v be (304/(-20))/(-4) - 2/z. Suppose -v*w + 6954 = 2*w. Is w a composite number?
True
Let b(d) = 18*d**2 + 71*d - 136. Is b(-27) a composite number?
False
Let d be (-253 - 3)*(-36)/16. Suppose -z = z + d. Let c = -125 - z. Is c composite?
False
Suppose 9*b - 5 = 8*b. Suppose 0 = 4*v - b*a - 5271, -2*v + 2*a - a = -2637. Is v prime?
True
Let d be -6 + 69/12 + 41/4. Is d/(120/348)*(409 + 0) a prime number?
False
Is (44/77 + 89406/(-28))*(-92)/10 prime?
False
Let c = -290 + 314. Suppose 89262 - 547782 = -c*i. Is i a prime number?
False
Suppose -7*r + 6*r = 2*i + 12291, 0 = 2*i - 4*r + 12286. Is (-42)/7 - 5*i/5 prime?
False
Let n(k) = 5*k**2 + 16*k - 14. Suppose -4*g = -14*g + 650. Suppose 4*h - 35 = g. Is n(h) composite?
False
Suppose -1337 - 240 = -k. Let j = -34 + k. Is j composite?
False
Let i = 155147 - 74298. Is i a composite number?
False
Suppose -4*h - 3*x + 261889 = 0, 49*h + 5*x - 130941 = 47*h. Is h prime?
False
Suppose 11*k - 327827 = 191406. Is k a prime number?
False
Let i be 4 + -1 + -4 + 5. Let m(r) = -163*r - 3. Let k be m(-6). Suppose -5*n - k = -5*x, 3*x - 515 - 42 = -i*n. Is x composite?
False
Suppose n = 2*k - 13 - 2, -9 = -2*k - 5*n. Let j(i) = 197*i - 2. Let a be j(k). Let m = 3034 - a. Is m composite?
False
Suppose -w - 34272 = -127691 - 21782. Is w prime?
True
Let b(z) = 2*z**3 - 10*z**2 + 12. Let n be b(5). Suppose -13*q + 87625 = -8*q. Suppose -7*m = -n*m + q. Is m composite?
True
Let a(m) = 47*m**3 + m**2 + 5*m - 22. Let q(y) = -y**2 - 20*y - 95. Let t be q(-10). Is a(t) a prime number?
True
Let s(p) = 4473*p + 1900. Is s(81) prime?
True
Let i = -1933 - -4759. Suppose -9*o = 135 - i. Let p = o - -128. Is p composite?
True
Suppose 4*y - 9086 = 3*c + 10671, 3 = -c. Is y a prime number?
True
Suppose 24 + 3 = 9*c. Suppose c*x - 10 = x + z, 3*x = 3*z + 18. Suppose -3*l + 225 = 4*v, -x*l - 91 + 422 = -5*v. Is l a prime number?
True
Let q(d) = 204*d**3 + 4*d**2 + 11*d - 36. Let u be q(3). Let j = 6678 + u. Is j a composite number?
True
Is (3 - (-20)/(-6))*6*316908/(-24) prime?
False
Let g be (38*(-29)/(-2))/(-1). Let a = 4336 + g. Is a prime?
False
Let s(k) = 115*k**2 - 44*k - 28. Let v = -72 + 79. Is s(v) composite?
True
Let g be 1 - (-354)/(-4) - 15/(-10). Let o = g - -86. Is o - -632 - (15 - 12) a prime number?
False
Suppose 0 = 5*r - r - 4*z + 4, -r + 3*z = 9. Suppose -144 = -r*l + 489. Is l prime?
True
Let c = 15504 + 45745. Is c a composite number?
True
Let x(p) be the second derivative of -p**4/12 + 5*p**3/6 - 3*p**2/2 + 6*p. Let d be x(3). Suppose 5*u = d*l - 38, -2*u + 22 = 2*l - 30. Is l a prime number?
False
Suppose 2*o + 4*x - 537901 = -3*o, o + 5*x = 107576. Is o a composite number?
False
Suppose -5*b + 370621 = 3*c, 22*b - 20*b - 3*c - 148240 = 0. Is b prime?
False
Suppose -t + 139 = -550. Let x = 56 + -92. Let h = t + x. Is h composite?
False
Let f be 3*(-938)/21 - -6. Let b = 253 - f. Is b a composite number?
True
Let u(c) = -c**2 - 6*c + 28081. Is u(0) a prime number?
True
Suppose 0 = 3*y - 2*t - 8, -3 = 3*t - 0*t. Suppose 0 = -y*s + 2*c + 13544, s = 5*c + 3081 + 3703. Is s composite?
True
Suppose 2*x + 3*s + 5 = 0, 3*x - 5 + 0 = -2*s. Suppose -3*c - 4 = -4*v, -2*v - 2*c + x*c + 8 = 0. Let o = 60 + v. Is o prime?
False
Suppose -3*r + 10*r - 13572277 = -16*r. Is r prime?
True
Suppose -4*y + v + 860211 = 0, -2*y + 175963 + 254153 = -2*v. Is y a prime number?
True
Is (-24)/16*1181540/(-6) prime?
False
Let u(f) = -13*f**2 + 6*f - 5. Let l be u(1). Let z be ((-32)/l)/8*0. Suppose 3*p - h = -z*h + 6587, h = -4*p + 8778. Is p composite?
True
Let w(h) = 85*h**2 + 4*h - 18*h - 3 + 10*h**2 + 13*h. Is w(-2) composite?
False
Suppose 0 = -11*t - 1 + 45. Suppose -t*r - 165 = 2*c - 1661, 2*r + 748 = c. Let s = 909 + c. Is s a prime number?
True
Suppose -56*z - 1328366 = -9470262. Is z a composite number?
False
Let o = 7352 - 3846. Is o a prime number?
False
Let w = 9775 - 6284. Is w prime?
True
Suppose -134*g - 133840 = -12097376 + 771990. Is g a composite number?
True
Suppose -22 = -3*u + g, 36*g = 31*g - 5. Is 3940 + -3 + (u - 3) prime?
False
Let c be (-1 - 478)*11 + (-18)/6. Let h = 3524 + c. Is (6/(-12))/(2/h) a prime number?
False
Is ((-22798)/(-5))/(((-128)/2240)/(2/(-14))) a prime number?
True
Suppose -w - 8 = -5*u, u = 3 - 2. Let r(x) be the third derivative of 77*x**5/60 + 5*x**4/12 + 5*x**3/3 + 94*x**2 - 2*x. Is r(w) a prime number?
True
Suppose -3*m - t = -18009, 2*m + 27*t - 12022 = 29*t. Is m a composite number?
True
Suppose 9*a = 6*a - 4317. Let m = a - -2590. Is m a composite number?
False
Let z be ((2 - 2) + 1)*(-4 - -6). Suppose 0 = -5*u + 2*j + 10021, z*u + 0*j = 4*j + 4018. Let k = -1116 + u. Is k composite?
False
Let f(a) be the first derivative of -163*a**2/2 + 190*a - 2. Is f(-9) composite?
False
Let k = 4 - 2. Suppose -3*p - 2*b + 1162 = 0, 4*b + 172 + 1014 = 3*p. Suppose -4*l = k*l - p. Is l prime?
False
Let y(h) = -3*h**2 + 3*h + 8. Let o be y(3). Let p(d) be the second derivative of -d**3 + 5*d**2/2 + 7*d. Is p(o) prime?
False
Suppose 57*h - 1630284 = -47*h + 92*h. Is h composite?
True
Let o = -947825 - -1920484. Is o composite?
True
Suppose 5 = z - x + 7, 0 = -5*z + 2*x + 2. Let w be (1 - 5)*5079/12. Is (-7)/1 - w - 2/z prime?
False
Suppose 0 = 5*y - 94*n + 95*n - 1144153, y - n = 228821. Is y composite?
False
Suppose 0 = -w - 0*w + 4803. L